In base 11, what is -201 + -4a?
-250
In base 2, what is -1111111 + -100?
-10000011
In base 7, what is 4 - 145?
-141
In base 3, what is 10022 + 2?
10101
In base 4, what is -1 + 233?
232
In base 13, what is -5 + 61?
59
In base 11, what is 160 + 0?
160
In base 10, what is 77 - -105?
182
In base 8, what is -7 + -413?
-422
In base 2, what is 0 - 100100?
-100100
In base 8, what is 267 - -10?
277
In base 13, what is 5 + 3?
8
In base 2, what is -1 - -10110?
10101
In base 3, what is -1 - 12002?
-12010
In base 13, what is -16 + 3?
-13
In base 13, what is 7 - 56?
-4c
In base 10, what is -881 + -7?
-888
In base 14, what is 5 - 101?
-da
In base 11, what is 17 + -1530?
-1514
In base 3, what is 122 + 10?
202
In base 11, what is -a + -34?
-43
In base 16, what is -bca + -5?
-bcf
In base 11, what is 5 - -19a?
1a4
In base 16, what is -16 - -2e?
18
In base 9, what is 1626 + 4?
1631
In base 9, what is 1 + 72?
73
In base 7, what is -3 + -152?
-155
In base 12, what is 2 + 55b?
561
In base 8, what is -224 + -12?
-236
In base 4, what is -213023 + 0?
-213023
In base 16, what is 1 + 573?
574
In base 4, what is -103 - -1011?
302
In base 5, what is -1 - -100333?
100332
In base 13, what is 338 - -2a?
365
In base 6, what is 1343 + 5?
1352
In base 9, what is -2084 + -4?
-2088
In base 13, what is 46 + 1b?
64
In base 2, what is 10010001000 + -10010?
10001110110
In base 15, what is 5 + -25?
-20
In base 10, what is -10 + 22?
12
In base 12, what is -25 + -138?
-161
In base 2, what is -11011 - -1101?
-1110
In base 8, what is 0 - -3775?
3775
In base 2, what is -1001110101 + 11110?
-1001010111
In base 10, what is 5 - -83?
88
In base 13, what is 15 + 60?
75
In base 11, what is 11 + 43?
54
In base 15, what is 86d - -5?
873
In base 10, what is -3 - 161?
-164
In base 4, what is -122 - -121?
-1
In base 9, what is 1 + -2355?
-2354
In base 2, what is 10000010001 - 10?
10000001111
In base 6, what is -241 - 100?
-341
In base 10, what is 5373 - -2?
5375
In base 13, what is 1 + -bb?
-ba
In base 7, what is 31 + 2545?
2606
In base 10, what is 5 + 658?
663
In base 2, what is -10101001100 - -1000?
-10101000100
In base 8, what is 2 + -1166?
-1164
In base 14, what is -11 + 1?
-10
In base 8, what is -4 + -143?
-147
In base 12, what is -451 - -1?
-450
In base 2, what is 1011100110011 - 11?
1011100110000
In base 9, what is 53670 + 5?
53675
In base 15, what is 6 + 1c?
23
In base 11, what is 148 - -5?
152
In base 2, what is 1110000 + -100?
1101100
In base 12, what is 93 - 1?
92
In base 9, what is 2407 - -3?
2411
In base 14, what is -18 + 38b?
373
In base 10, what is 2 + -73?
-71
In base 5, what is -13 + -2130?
-2143
In base 4, what is 11 + -102321?
-102310
In base 12, what is -2 + 2b?
29
In base 10, what is -5 - -441?
436
In base 11, what is 3 - 12a?
-127
In base 13, what is 8 - -13?
1b
In base 7, what is 10 - -51?
61
In base 2, what is 100 - 1000110011000?
-1000110010100
In base 13, what is -3 - 1c7?
-1ca
In base 16, what is 4 - 3ba?
-3b6
In base 16, what is -5 + -194?
-199
In base 10, what is 359 - -6?
365
In base 16, what is -15b - 4?
-15f
In base 8, what is -1 + 30?
27
In base 13, what is 4 + 36?
3a
In base 7, what is -3126 + -1?
-3130
In base 15, what is -6 - -27?
21
In base 6, what is 1113 - 3?
1110
In base 11, what is 3 + 141?
144
In base 13, what is -5 - -2cb?
2c6
In base 9, what is 454 - 0?
454
In base 4, what is 33 - -31?
130
In base 2, what is 1 + 110011110?
110011111
In base 15, what is -a3 - 5?
-a8
In base 7, what is 3 - -534?
540
In base 4, what is 23321 - -33?
30020
In base 11, what is 0 + -10a?
-10a
In base 6, what is 515 - 4?
511
In base 8, what is 13067 + -5?
13062
In base 2, what is 101 - 1110101?
-1110000
In base 11, what is 2 + -236?
-234
In base 12, what is -2084 + 5?
-207b
In base 11, what is 2 - -1?
3
In base 7, what is -2 - -305?
303
In base 8, what is -50 + 430?
360
In base 6, what is 20252 + 1?
20253
In base 14, what is -2 - -164?
162
In base 15, what is 2 + -2?
0
In base 16, what is -ac + 2?
-aa
In base 16, what is 3f0 - 5?
3eb
In base 12, what is -149 - -2?
-147
In base 6, what is -40 + -101?
-141
In base 8, what is 3 - -3461?
3464
In base 14, what is da5 + 3?
da8
In base 11, what is 44 + -8?
37
In base 3, what is 2 + -1111?
-1102
In base 15, what is -34a5 - -1?
-34a4
In base 10, what is 105 + -2?
103
In base 16, what is 1 + 14?
15
In base 15, what is 9 + 402?
40b
In base 12, what is 2 - 3a?
-38
In base 12, what is -21 - b4?
-115
In base 4, what is 20122 - 1?
20121
In base 6, what is -1212 + -3?
-1215
In base 8, what is -211 - -2?
-207
In base 6, what is 13 - 124?
-111
In base 3, what is -1022101 + 221?
-1021110
In base 14, what is -42c + 1?
-42b
In base 3, what is 2002 + 2?
2011
In base 3, what is 1 + 112?
120
In base 7, what is 10 - -301?
311
In base 9, what is 2377 - 2?
2375
In base 13, what is 4 + -8?
-4
In base 15, what is -4c + 6?
-46
In base 3, what is 2 - -12011?
12020
In base 16, what is -f - -6?
-9
In base 11, what is 3 + -76?
-73
In base 11, what is -19 - 4?
-22
In base 4, what is 100001 - -12?
100013
In base 6, what is 20 + -14250?
-14230
In base 10, what is -201 + -4?
-205
In base 14, what is 1d0 + 5?
1d5
In base 15, what is -4 + 32?
2d
In base 14, what is cc - -2?
d0
In base 4, what is 0 + -10333?
-10333
In base 6, what is -1 - -132?
131
In base 5, what is 32343 - 0?
32343
In base 3, what is -210 + 11?
-122
In base 4, what is -103 - -10220?
10111
In base 14, what is -89 + 0?
-89
In base 7, what is 4414 - 4?
4410
In base 3, what is -210222 - -2?
-210220
In base 15, what is 8 - -17?
20
In base 7, what is -64350 + 1?
-64346
In base 4, what is 22133 + 10?
22203
In base 10, what is 20 - 3?
17
In base 6, what is -134 + -421?
-555
In base 7, what is 23 - -33?
56
In base 8, what is 1 - -14?
15
In base 15, what is 258 - -1?
259
In base 5, what is -3 + 120?
112
In base 10, what is 1 + -186?
-185
In base 6, what is -44211 + -5?
-44220
In base 9, what is -161 + 5?
-155
In base 13, what is 10b - -2?
110
In base 2, what is 1 - -100100100?
100100101
In base 9, what is 115 - 7?
107
In base 10, what is -26513 + -5?
-26518
In base 13, what is 2 + -246?
-244
In base 13, what is -231 - 0?
-231
In base 7, what is -301 - 11?
-312
In base 3, what is 0 - 20?
-20
In base 14, what is 36 + 1?
37
In base 13, what is -6 - -8?
2
In base 5, what is -10 + -314?
-324
In base 3, what is 1101211212 + 10?
1101211222
In base 9, what is 4 - 21?
-16
In base 5, what is 112010 + -3?
112002
In base 6, what is 5 - 15?
-10
In base 9, what is 283 - 33?
250
In base 16, what is 1582 - 1?
1581
In base 2, what is 1001011000 - -11?
1001011011
In base 15, what is 1 + 1?
2
In base 10, what is 5849 + -4?
5845
In base 12, what is -3879 - 5?
-3882
In base 2, what is -101000110 - -100?
-101000010
In base 4, what is -1013111 + -1?
-1013112
In base 5, what is 1333 - -2?
1340
In base 8, what is -44 + 15?
-27
In base 14, what is -5 + d7?
d2
In base 2, what is -111100 - -11100?
-100000
In base 16, what is 4 - 9?
-5
In base 4, what is -210 - -1022?
212
In base 2, what is 0 - 11101?
-11101
In base 2, what is -1010010011 + -11?
-1010010110
In base 7, what is -4 + -12650?
-12654
In base 11, what is -4 - -695?
691
In base 12, what is -1190 - -2?
-118a
In base 7, what is 525 - 1?
524
In base 5, what is 243 + 3?
301
In base 5, what is -3210 + -1?
-3211
In base 8, what is -12 + 13?
1
In base 13, what is -3 - 78?
-7b
In base 14, what is 7b + -2?
79
In base 15, what is 26b + -9?
262
In base 15, what is -d + -16?
-24
In base 9, what is 2 - -318?
321
In base 2, what is -1001 - -101010?
100001
In base 10, what is 108 + -5?
103
In base 2, what is 10 - -1001001?
1001011
In base 15, what is 12647 + 3?
1264a
In base 10, what is 5 + -42?
-37
In base 11, what is 13 - -83?
96
In base 4, what is 3 + -332?
-323
In base 15, what is -124 + -d?
-132
In base 4, what is -11 - -21231?
21220
In base 2, what is 0 + 10101111?
10101111
In base 14, what is 1c6 + -4?
1c2
In base 7, what is 15 - -351?
366
In base 8, what is 3 - 371?
-366
In base 11, what is -71 - -128?
67
In base 3, what is 0 + -1012?
-1012
In base 3, what is 2220102 - 11?
2220021
In base 2, what is 110100111001 + 11?
110100111100
In base 9, what is -2005 + -1?
-2006
In base 12, what is 0 - 1?
-1
In base 16, what is 5 + a14?
a19
In base 9, what is 12 - -11?
23
In base 13, what is 6 - 